{"id":74,"date":"2015-11-11T20:48:22","date_gmt":"2015-11-11T20:48:22","guid":{"rendered":"http:\/\/parafiagierczyce.pl\/?page_id=74"},"modified":"2018-12-09T16:21:28","modified_gmt":"2018-12-09T15:21:28","slug":"maksymilian-maria-kolbe","status":"publish","type":"page","link":"https:\/\/parafiagierczyce.pl\/?page_id=74","title":{"rendered":"MAKSYMILIAN MARIA KOLBE"},"content":{"rendered":"<blockquote>\n<p style=\"text-align: left;\"><span class=\"tresc\" style=\"color: #000000;\">MAKSYMILIAN MARIA KOLBE&nbsp;&nbsp; a w\u0142a\u015bciwie Rajmund urodzi\u0142 si\u0119 8 stycznia 1894 roku w Zdu\u0144skiej Woli ko\u0142o \u0141odzi.<\/span><\/p>\n<\/blockquote>\n<p style=\"text-align: left;\"><a href=\"http:\/\/parafiagierczyce.pl\/wp-content\/uploads\/2015\/11\/M.M.-KOLBE.jpeg\"><img loading=\"lazy\" decoding=\"async\" class=\"aligncenter size-full wp-image-84\" src=\"http:\/\/parafiagierczyce.pl\/wp-content\/uploads\/2015\/11\/M.M.-KOLBE.jpeg\" alt=\"M.M. KOLBE\" width=\"217\" height=\"233\"\/><\/a><\/p>\n<blockquote>\n<p style=\"text-align: left;\"><span style=\"color: #000000;\">Wychowywany w domu przepe\u0142nionym duchem patriotyzmu i chrze\u015bcija\u0144skim.<\/span><\/p>\n<p style=\"text-align: left;\"><span style=\"color: #000000;\">W roku 1910 wst\u0119puje do nowicjatu w zakonie franciszka\u0144skim.<\/span><\/p>\n<p style=\"text-align: left;\"><span style=\"color: #000000;\">CZY WIESZ ,\u017bE WYNALAZ\u0141 <span style=\"text-decoration: underline;\"><strong>ETEREOPLAN<\/strong><\/span><\/span><\/p>\n<p style=\"text-align: left;\"><span style=\"color: #000000;\">CZYLI MASZYN\u0118 DO PODR\u00d3\u017bOWANIA W KOSMOSIE. Jej z<span class=\"tresc\">asady dzia\u0142ania, jak te\u017c przewidywane trudno\u015bci poruszania si\u0119 w przestrzeni kosmicznej s\u0105 poprawne i zgodne z tymi, jakie dzisiaj obowi\u0105zuj\u0105.<\/span><\/span><\/p>\n<p style=\"text-align: left;\"><span style=\"color: #000000;\">By\u0142 r\u00f3wnie\u017c zainteresowany \u017cywo wykorzystaniem radia i kina do cel\u00f3w ewangelizacji. Wydawa\u0142&nbsp; Czasopismo &#8222;Rycerz Niepokalanej &#8222;<\/span><\/p>\n<p style=\"text-align: left;\"><span style=\"color: #000000;\">Prowadzi\u0142 w Niepokalanowie od <span class=\"tresc\">roku1936&nbsp; klasztor. Kt\u00f3ry sta\u0142 si\u0119 najwi\u0119kszym&nbsp; katolickim kalsztorem&nbsp; na \u015bwiecie i&nbsp; w historii ko\u015bcio\u0142a. . W roku 1939 by\u0142o tam 700 zakonnik\u00f3w oraz nowicjuszy.<br \/>\nW Niepokalanowie dzia\u0142a\u0142a radiostacja, drukarnia<\/span><span class=\"tresc\">, elektrownia<\/span><span class=\"tresc\">,&nbsp; warsztaty. M Kolbe chcia\u0142 wybudowa\u0107 lotnisko. Aresztowany przez Niemc\u00f3w 19 wrze\u015bnia 1939 roku. Zwolniony w grudniu. Po powrocie do Niepokalanowa&nbsp; przygotowuje 3000 miejsc dla wysiedlonych z Pozna\u0144skiego, w tym \u017byd\u00f3w. Otwiera warsztaty naprawy zegark\u00f3w i rower\u00f3w, wystawia ku\u017ani\u0119 i blacharni\u0119, organizuje szwalni\u0119 i dzia\u0142 sanitarny. Ponownie aresztowany trafia ostatecznie do O\u015bwi\u0119cimia gdzie oddaje&nbsp; dobrowolnie \u017cycie za wsp\u00f3\u0142wi\u0119\u017ania.<br \/>\n<\/span><\/span><\/p>\n<p style=\"text-align: left;\"><span style=\"color: #000000;\">JEGO MARZENIA O OG\u00d3LNOPOLSKICH KATOLICKICH MEDIACH SPE\u0141NI\u0141 DOPIERO&nbsp; o. TADEUSZ RYDZYK ZAK\u0141ADAJ\u0104C 8 GRUDNIA&nbsp; 1991 ROKU RADIO MARYJA A POTEM TELEWIZJE TRWAM I GAZET\u0118 NASZ DZIENNIK<\/span>.<\/p>\n<\/blockquote>\n","protected":false},"excerpt":{"rendered":"<p>MAKSYMILIAN MARIA KOLBE&nbsp;&nbsp; a w\u0142a\u015bciwie Rajmund urodzi\u0142 si\u0119 8 stycznia 1894 roku w Zdu\u0144skiej Woli ko\u0142o \u0141odzi. Wychowywany w domu przepe\u0142nionym duchem patriotyzmu i chrze\u015bcija\u0144skim. W roku 1910 wst\u0119puje do nowicjatu w zakonie franciszka\u0144skim. CZY WIESZ ,\u017bE WYNALAZ\u0141 ETEREOPLAN CZYLI MASZYN\u0118 DO PODR\u00d3\u017bOWANIA W KOSMOSIE. Jej zasady dzia\u0142ania, jak te\u017c przewidywane trudno\u015bci poruszania si\u0119 w &hellip; <a href=\"https:\/\/parafiagierczyce.pl\/?page_id=74\" class=\"more-link\">Czytaj dalej <span class=\"screen-reader-text\">MAKSYMILIAN MARIA KOLBE<\/span> <span class=\"meta-nav\">&rarr;<\/span><\/a><\/p>\n","protected":false},"author":1,"featured_media":0,"parent":0,"menu_order":0,"comment_status":"closed","ping_status":"closed","template":"","meta":{"footnotes":"","_links_to":"","_links_to_target":""},"class_list":["post-74","page","type-page","status-publish","hentry"],"_links":{"self":[{"href":"https:\/\/parafiagierczyce.pl\/index.php?rest_route=\/wp\/v2\/pages\/74","targetHints":{"allow":["GET"]}}],"collection":[{"href":"https:\/\/parafiagierczyce.pl\/index.php?rest_route=\/wp\/v2\/pages"}],"about":[{"href":"https:\/\/parafiagierczyce.pl\/index.php?rest_route=\/wp\/v2\/types\/page"}],"author":[{"embeddable":true,"href":"https:\/\/parafiagierczyce.pl\/index.php?rest_route=\/wp\/v2\/users\/1"}],"replies":[{"embeddable":true,"href":"https:\/\/parafiagierczyce.pl\/index.php?rest_route=%2Fwp%2Fv2%2Fcomments&post=74"}],"version-history":[{"count":6,"href":"https:\/\/parafiagierczyce.pl\/index.php?rest_route=\/wp\/v2\/pages\/74\/revisions"}],"predecessor-version":[{"id":2404,"href":"https:\/\/parafiagierczyce.pl\/index.php?rest_route=\/wp\/v2\/pages\/74\/revisions\/2404"}],"wp:attachment":[{"href":"https:\/\/parafiagierczyce.pl\/index.php?rest_route=%2Fwp%2Fv2%2Fmedia&parent=74"}],"curies":[{"name":"wp","href":"https:\/\/api.w.org\/{rel}","templated":true}]}}