{"id":170,"date":"2015-11-15T13:29:32","date_gmt":"2015-11-15T13:29:32","guid":{"rendered":"http:\/\/parafiagierczyce.pl\/?page_id=170"},"modified":"2018-12-09T16:35:12","modified_gmt":"2018-12-09T15:35:12","slug":"koncert-pod-patria","status":"publish","type":"page","link":"https:\/\/parafiagierczyce.pl\/?page_id=170","title":{"rendered":"KONCERT POD PATRI\u0104"},"content":{"rendered":"<p><span style=\"color: #000000;\">15 LISTOPADAO GODZ. 15:00<br \/>\n<\/span><\/p>\n<p><span style=\"color: #000000;\">ODBY\u0141 SI\u0118 KONCERT, NA KT\u00d3RYM&nbsp;&nbsp;<\/span><\/p>\n<p><span style=\"color: #000000;\"><span style=\"text-decoration: underline;\"><strong> ORKIESTRA ZESPO\u0141U PA\u0143STWOWYCH SZK\u00d3\u0141 MUZYCZNYCH im. MIECZYS\u0141AWA KAR\u0141OWICZA<\/strong><\/span> <\/span><\/p>\n<p><span style=\"color: #000000;\">WYKONA\u0141A UTWORY:<br \/>\n<\/span><\/p>\n<p><span style=\"color: #000000;\"> T. ALBIONI<\/span><\/p>\n<p><span style=\"color: #000000;\">A. VIVALDI KONCERT G-MOL NA DWIE WIOLONCZELE<\/span><\/p>\n<p><span style=\"color: #000000;\">WYST\u0104PILI SOLI\u015aCI: <\/span><\/p>\n<h4><span style=\"text-decoration: underline;\"><strong>Gabriela Klimiec<\/strong><\/span><\/h4>\n<p>I<\/p>\n<h4><span style=\"text-decoration: underline;\"><strong><span style=\"color: #000000; text-decoration: underline;\"> Stanis\u0142aw Dru\u017ckowski<br \/>\n<\/span><\/strong><\/span><\/h4>\n<p>&nbsp;<\/p>\n<p><span style=\"color: #000000;\">ORAZ WYST\u0104PI\u0141;<\/span><\/p>\n<p><span style=\"text-decoration: underline;\"><span style=\"color: #000000; text-decoration: underline;\"><strong>BOCHE\u0143SKI CH\u00d3R KAMERALNY SALT SINGERS<\/strong> <\/span><\/span><\/p>\n<p><span style=\"color: #000000;\">PRZYGOTOWANIE: <\/span><\/p>\n<p>&nbsp;<\/p>\n<p><span style=\"text-decoration: underline;\"><strong><span style=\"color: #000000; text-decoration: underline;\">MACIEJ KOZ\u0141OWSKI <\/span><\/strong><\/span><\/p>\n<p><span style=\"color: #000000;\">DYRYGOWA\u0141: <\/span><\/p>\n<p><span style=\"text-decoration: underline;\"><strong><span style=\"color: #000000; text-decoration: underline;\">TOMASZ CHMIEL<\/span><\/strong><\/span><\/p>\n<div id='gallery-1' class='gallery galleryid-170 gallery-columns-2 gallery-size-medium'><figure class='gallery-item'>\n\t\t\t<div class='gallery-icon landscape'>\n\t\t\t\t<a href='https:\/\/parafiagierczyce.pl\/wp-content\/uploads\/2015\/11\/P1050932.jpg'><img loading=\"lazy\" decoding=\"async\" width=\"300\" height=\"225\" src=\"https:\/\/parafiagierczyce.pl\/wp-content\/uploads\/2015\/11\/P1050932-300x225.jpg\" class=\"attachment-medium size-medium\" alt=\"\" srcset=\"https:\/\/parafiagierczyce.pl\/wp-content\/uploads\/2015\/11\/P1050932-300x225.jpg 300w, https:\/\/parafiagierczyce.pl\/wp-content\/uploads\/2015\/11\/P1050932-1024x768.jpg 1024w\" sizes=\"auto, (max-width: 300px) 100vw, 300px\" \/><\/a>\n\t\t\t<\/div><\/figure><figure class='gallery-item'>\n\t\t\t<div class='gallery-icon landscape'>\n\t\t\t\t<a href='https:\/\/parafiagierczyce.pl\/wp-content\/uploads\/2015\/11\/P1050929.jpg'><img loading=\"lazy\" decoding=\"async\" width=\"300\" height=\"225\" src=\"https:\/\/parafiagierczyce.pl\/wp-content\/uploads\/2015\/11\/P1050929-300x225.jpg\" class=\"attachment-medium size-medium\" alt=\"\" srcset=\"https:\/\/parafiagierczyce.pl\/wp-content\/uploads\/2015\/11\/P1050929-300x225.jpg 300w, https:\/\/parafiagierczyce.pl\/wp-content\/uploads\/2015\/11\/P1050929-1024x768.jpg 1024w\" sizes=\"auto, (max-width: 300px) 100vw, 300px\" \/><\/a>\n\t\t\t<\/div><\/figure><figure class='gallery-item'>\n\t\t\t<div class='gallery-icon landscape'>\n\t\t\t\t<a href='https:\/\/parafiagierczyce.pl\/wp-content\/uploads\/2015\/11\/P1050905.jpg'><img loading=\"lazy\" decoding=\"async\" width=\"300\" height=\"225\" src=\"https:\/\/parafiagierczyce.pl\/wp-content\/uploads\/2015\/11\/P1050905-300x225.jpg\" class=\"attachment-medium size-medium\" alt=\"\" srcset=\"https:\/\/parafiagierczyce.pl\/wp-content\/uploads\/2015\/11\/P1050905-300x225.jpg 300w, https:\/\/parafiagierczyce.pl\/wp-content\/uploads\/2015\/11\/P1050905-1024x768.jpg 1024w, https:\/\/parafiagierczyce.pl\/wp-content\/uploads\/2015\/11\/P1050905.jpg 1740w\" sizes=\"auto, (max-width: 300px) 100vw, 300px\" \/><\/a>\n\t\t\t<\/div><\/figure><figure class='gallery-item'>\n\t\t\t<div class='gallery-icon landscape'>\n\t\t\t\t<a href='https:\/\/parafiagierczyce.pl\/wp-content\/uploads\/2015\/11\/P1050939.jpg'><img loading=\"lazy\" decoding=\"async\" width=\"300\" height=\"225\" src=\"https:\/\/parafiagierczyce.pl\/wp-content\/uploads\/2015\/11\/P1050939-300x225.jpg\" class=\"attachment-medium size-medium\" alt=\"\" srcset=\"https:\/\/parafiagierczyce.pl\/wp-content\/uploads\/2015\/11\/P1050939-300x225.jpg 300w, https:\/\/parafiagierczyce.pl\/wp-content\/uploads\/2015\/11\/P1050939-1024x768.jpg 1024w\" sizes=\"auto, (max-width: 300px) 100vw, 300px\" \/><\/a>\n\t\t\t<\/div><\/figure><figure class='gallery-item'>\n\t\t\t<div class='gallery-icon landscape'>\n\t\t\t\t<a href='https:\/\/parafiagierczyce.pl\/wp-content\/uploads\/2015\/11\/P1050943.jpg'><img loading=\"lazy\" decoding=\"async\" width=\"300\" height=\"225\" src=\"https:\/\/parafiagierczyce.pl\/wp-content\/uploads\/2015\/11\/P1050943-300x225.jpg\" class=\"attachment-medium size-medium\" alt=\"\" srcset=\"https:\/\/parafiagierczyce.pl\/wp-content\/uploads\/2015\/11\/P1050943-300x225.jpg 300w, https:\/\/parafiagierczyce.pl\/wp-content\/uploads\/2015\/11\/P1050943-1024x768.jpg 1024w\" sizes=\"auto, (max-width: 300px) 100vw, 300px\" \/><\/a>\n\t\t\t<\/div><\/figure><figure class='gallery-item'>\n\t\t\t<div class='gallery-icon landscape'>\n\t\t\t\t<a href='https:\/\/parafiagierczyce.pl\/wp-content\/uploads\/2015\/11\/P1050947.jpg'><img loading=\"lazy\" decoding=\"async\" width=\"300\" height=\"225\" src=\"https:\/\/parafiagierczyce.pl\/wp-content\/uploads\/2015\/11\/P1050947-300x225.jpg\" class=\"attachment-medium size-medium\" alt=\"\" srcset=\"https:\/\/parafiagierczyce.pl\/wp-content\/uploads\/2015\/11\/P1050947-300x225.jpg 300w, https:\/\/parafiagierczyce.pl\/wp-content\/uploads\/2015\/11\/P1050947-1024x768.jpg 1024w\" sizes=\"auto, (max-width: 300px) 100vw, 300px\" \/><\/a>\n\t\t\t<\/div><\/figure><figure class='gallery-item'>\n\t\t\t<div class='gallery-icon landscape'>\n\t\t\t\t<a href='https:\/\/parafiagierczyce.pl\/wp-content\/uploads\/2015\/11\/P1050952.jpg'><img loading=\"lazy\" decoding=\"async\" width=\"300\" height=\"225\" src=\"https:\/\/parafiagierczyce.pl\/wp-content\/uploads\/2015\/11\/P1050952-300x225.jpg\" class=\"attachment-medium size-medium\" alt=\"\" srcset=\"https:\/\/parafiagierczyce.pl\/wp-content\/uploads\/2015\/11\/P1050952-300x225.jpg 300w, https:\/\/parafiagierczyce.pl\/wp-content\/uploads\/2015\/11\/P1050952-1024x768.jpg 1024w\" sizes=\"auto, (max-width: 300px) 100vw, 300px\" \/><\/a>\n\t\t\t<\/div><\/figure><figure class='gallery-item'>\n\t\t\t<div class='gallery-icon landscape'>\n\t\t\t\t<a href='https:\/\/parafiagierczyce.pl\/wp-content\/uploads\/2015\/11\/P1050954.jpg'><img loading=\"lazy\" decoding=\"async\" width=\"300\" height=\"225\" src=\"https:\/\/parafiagierczyce.pl\/wp-content\/uploads\/2015\/11\/P1050954-300x225.jpg\" class=\"attachment-medium size-medium\" alt=\"\" srcset=\"https:\/\/parafiagierczyce.pl\/wp-content\/uploads\/2015\/11\/P1050954-300x225.jpg 300w, https:\/\/parafiagierczyce.pl\/wp-content\/uploads\/2015\/11\/P1050954-1024x768.jpg 1024w\" sizes=\"auto, (max-width: 300px) 100vw, 300px\" \/><\/a>\n\t\t\t<\/div><\/figure><figure class='gallery-item'>\n\t\t\t<div class='gallery-icon landscape'>\n\t\t\t\t<a href='https:\/\/parafiagierczyce.pl\/wp-content\/uploads\/2015\/11\/P1050933.jpg'><img loading=\"lazy\" decoding=\"async\" width=\"300\" height=\"225\" src=\"https:\/\/parafiagierczyce.pl\/wp-content\/uploads\/2015\/11\/P1050933-300x225.jpg\" class=\"attachment-medium size-medium\" alt=\"\" srcset=\"https:\/\/parafiagierczyce.pl\/wp-content\/uploads\/2015\/11\/P1050933-300x225.jpg 300w, https:\/\/parafiagierczyce.pl\/wp-content\/uploads\/2015\/11\/P1050933-1024x768.jpg 1024w\" sizes=\"auto, (max-width: 300px) 100vw, 300px\" \/><\/a>\n\t\t\t<\/div><\/figure>\n\t\t<\/div>\n\n<hr \/>\n","protected":false},"excerpt":{"rendered":"<p>15 LISTOPADAO GODZ. 15:00 ODBY\u0141 SI\u0118 KONCERT, NA KT\u00d3RYM&nbsp;&nbsp; ORKIESTRA ZESPO\u0141U PA\u0143STWOWYCH SZK\u00d3\u0141 MUZYCZNYCH im. MIECZYS\u0141AWA KAR\u0141OWICZA WYKONA\u0141A UTWORY: T. ALBIONI A. VIVALDI KONCERT G-MOL NA DWIE WIOLONCZELE WYST\u0104PILI SOLI\u015aCI: Gabriela Klimiec I Stanis\u0142aw Dru\u017ckowski &nbsp; ORAZ WYST\u0104PI\u0141; BOCHE\u0143SKI CH\u00d3R KAMERALNY SALT SINGERS PRZYGOTOWANIE: &nbsp; MACIEJ KOZ\u0141OWSKI DYRYGOWA\u0141: TOMASZ CHMIEL<\/p>\n","protected":false},"author":1,"featured_media":0,"parent":0,"menu_order":0,"comment_status":"closed","ping_status":"closed","template":"","meta":{"footnotes":"","_links_to":"","_links_to_target":""},"class_list":["post-170","page","type-page","status-publish","hentry"],"_links":{"self":[{"href":"https:\/\/parafiagierczyce.pl\/index.php?rest_route=\/wp\/v2\/pages\/170","targetHints":{"allow":["GET"]}}],"collection":[{"href":"https:\/\/parafiagierczyce.pl\/index.php?rest_route=\/wp\/v2\/pages"}],"about":[{"href":"https:\/\/parafiagierczyce.pl\/index.php?rest_route=\/wp\/v2\/types\/page"}],"author":[{"embeddable":true,"href":"https:\/\/parafiagierczyce.pl\/index.php?rest_route=\/wp\/v2\/users\/1"}],"replies":[{"embeddable":true,"href":"https:\/\/parafiagierczyce.pl\/index.php?rest_route=%2Fwp%2Fv2%2Fcomments&post=170"}],"version-history":[{"count":6,"href":"https:\/\/parafiagierczyce.pl\/index.php?rest_route=\/wp\/v2\/pages\/170\/revisions"}],"predecessor-version":[{"id":2423,"href":"https:\/\/parafiagierczyce.pl\/index.php?rest_route=\/wp\/v2\/pages\/170\/revisions\/2423"}],"wp:attachment":[{"href":"https:\/\/parafiagierczyce.pl\/index.php?rest_route=%2Fwp%2Fv2%2Fmedia&parent=170"}],"curies":[{"name":"wp","href":"https:\/\/api.w.org\/{rel}","templated":true}]}}