{"id":161,"date":"2015-11-15T12:58:44","date_gmt":"2015-11-15T12:58:44","guid":{"rendered":"http:\/\/parafiagierczyce.pl\/?page_id=161"},"modified":"2018-12-09T16:26:30","modified_gmt":"2018-12-09T15:26:30","slug":"media-katolickie","status":"publish","type":"page","link":"https:\/\/parafiagierczyce.pl\/?page_id=161","title":{"rendered":"MEDIA KATOLICKIE"},"content":{"rendered":"<h2 style=\"text-align: left;\">Strona Sanktuarium B\u0142. Karoliny K\u00f3zk\u00f3wny<\/h2>\n<h3><a href=\"http:\/\/www.sanktuariumzabawa.pl\/index.php\/pl\/\">http:\/\/www.sanktuariumzabawa.pl\/index.php\/pl\/<\/a><\/h3>\n<p>==================================================<\/p>\n<h2 style=\"text-align: left;\"><span style=\"color: #0000ff;\"><strong>RadioMaryja i TV Trwam &nbsp;&nbsp;&nbsp;<\/strong><\/span><\/h2>\n<h2 style=\"text-align: left;\"><span style=\"color: #0000ff;\"><span style=\"text-decoration: underline; color: #000000;\"><strong> <a href=\"http:\/\/www.radiomaryja.pl\/\">http:\/\/www.radiomaryja.pl\/<\/a><\/strong><\/span><\/span><\/h2>\n<p><span style=\"color: #33cccc;\">******************************************************************************<\/span><\/p>\n<h3><span style=\"color: #0000ff;\">STRONA \u015aWIATOWYCH DNI M\u0141ODZIE\u017bY 2016 r<\/span><\/h3>\n<h2><a href=\"http:\/\/www.krakow2016.com\/\">http:\/\/www.krakow2016.com\/<\/a><\/h2>\n<h2><strong><span style=\"color: #0000ff;\">Diecezja Tarnowska<\/span><\/strong><\/h2>\n<h2><strong>&nbsp;<span style=\"text-decoration: underline;\"><a href=\"http:\/\/www.diecezja.tarnow.pl\/\">http:\/\/www.diecezja.tarnow.pl\/<\/a><\/span><\/strong><\/h2>\n<p><span style=\"color: #33cccc;\">*****************************************************************************<\/span><\/p>\n<h2><span style=\"color: #0000ff;\">Katolicka gazeta&nbsp;<\/span><\/h2>\n<h2><span style=\"text-decoration: underline;\"><a href=\"http:\/\/www.naszdziennik.pl\/\">http:\/\/www.naszdziennik.pl\/<\/a><\/span><\/h2>\n<p><span style=\"color: #33cccc;\">*****************************************************************************<\/span><\/p>\n<h2><span style=\"color: #0000ff;\">Strony chrze\u015bcija\u0144skie<\/span><\/h2>\n<h2><span style=\"text-decoration: underline;\"><a href=\"http:\/\/wiara.pl\/\">http:\/\/wiara.pl\/<\/a><\/span><\/h2>\n<p><span style=\"color: #33cccc;\">*****************************************************************************<\/span><\/p>\n<h2><span style=\"text-decoration: underline; color: #000000;\"><a href=\"http:\/\/www.milujciesie.org.pl\/pg\/pl.html\">http:\/\/www.milujciesie.org.pl\/pg\/pl.html<\/a><\/span><\/h2>\n<p><span style=\"color: #33cccc;\">****************************************************************************<\/span><\/p>\n","protected":false},"excerpt":{"rendered":"<p>Strona Sanktuarium B\u0142. Karoliny K\u00f3zk\u00f3wny http:\/\/www.sanktuariumzabawa.pl\/index.php\/pl\/ ================================================== RadioMaryja i TV Trwam &nbsp;&nbsp;&nbsp; http:\/\/www.radiomaryja.pl\/ ****************************************************************************** STRONA \u015aWIATOWYCH DNI M\u0141ODZIE\u017bY 2016 r http:\/\/www.krakow2016.com\/ Diecezja Tarnowska &nbsp;http:\/\/www.diecezja.tarnow.pl\/ ***************************************************************************** Katolicka gazeta&nbsp; http:\/\/www.naszdziennik.pl\/ ***************************************************************************** Strony chrze\u015bcija\u0144skie http:\/\/wiara.pl\/ ***************************************************************************** http:\/\/www.milujciesie.org.pl\/pg\/pl.html ****************************************************************************<\/p>\n","protected":false},"author":1,"featured_media":0,"parent":0,"menu_order":0,"comment_status":"closed","ping_status":"closed","template":"","meta":{"footnotes":"","_links_to":"","_links_to_target":""},"class_list":["post-161","page","type-page","status-publish","hentry"],"_links":{"self":[{"href":"https:\/\/parafiagierczyce.pl\/index.php?rest_route=\/wp\/v2\/pages\/161","targetHints":{"allow":["GET"]}}],"collection":[{"href":"https:\/\/parafiagierczyce.pl\/index.php?rest_route=\/wp\/v2\/pages"}],"about":[{"href":"https:\/\/parafiagierczyce.pl\/index.php?rest_route=\/wp\/v2\/types\/page"}],"author":[{"embeddable":true,"href":"https:\/\/parafiagierczyce.pl\/index.php?rest_route=\/wp\/v2\/users\/1"}],"replies":[{"embeddable":true,"href":"https:\/\/parafiagierczyce.pl\/index.php?rest_route=%2Fwp%2Fv2%2Fcomments&post=161"}],"version-history":[{"count":9,"href":"https:\/\/parafiagierczyce.pl\/index.php?rest_route=\/wp\/v2\/pages\/161\/revisions"}],"predecessor-version":[{"id":2411,"href":"https:\/\/parafiagierczyce.pl\/index.php?rest_route=\/wp\/v2\/pages\/161\/revisions\/2411"}],"wp:attachment":[{"href":"https:\/\/parafiagierczyce.pl\/index.php?rest_route=%2Fwp%2Fv2%2Fmedia&parent=161"}],"curies":[{"name":"wp","href":"https:\/\/api.w.org\/{rel}","templated":true}]}}